l - 5*g = -370, 4*g + 246 + 286 = 3*l. What is the remainder when l is divided by 37?
32
Calculate the remainder when 33 is divided by (9/((-36)/8) - 3) + 20.
3
Let d = 21 + -7. Let u = d - 4. Suppose 4*o = u + 18. What is the remainder when 25 is divided by o?
4
Suppose w - 12 = 2*a, 2*a + 0*w = -4*w - 12. Let d be 9/(-27) - (-4)/a. Let k = 17 + d. What is the remainder when 31 is divided by k?
15
Let p = -2448 - -2534. What is the remainder when 599 is divided by p?
83
Suppose 287 = 23*y - 35. Calculate the remainder when 74 is divided by y.
4
Suppose 1525 + 427 = 8*f. Calculate the remainder when f is divided by 6.
4
What is the remainder when 92/115*(232 + (-2)/1) is divided by 46?
0
Calculate the remainder when 8/(-116) + 14365/145 is divided by 10.
9
Let o(s) = -8*s + 10*s - 3*s. What is the remainder when 7*((-5)/1)/(-1) is divided by o(-12)?
11
Let s(k) = -2*k + 10. Suppose 9*g - 4*g - 190 = 0. What is the remainder when g is divided by s(-5)?
18
Let j = -18 - -29. Suppose -j = -m + w, m + 5*w - 28 = 1. Suppose -v = -2*t - m, 2*t - 34 = -3*v + 4*t. Calculate the remainder when 17 is divided by v.
7
Let v(y) = 32*y + 231. What is the remainder when 198 is divided by v(-5)?
56
Suppose -75*r + 10 = -74*r. Calculate the remainder when 36 is divided by r.
6
Let x(u) = u**3 + 13*u**2 - 14*u + 3. Let d be x(-14). Suppose -2*n - 2*j = d*n - 136, -5*n - 4*j = -142. What is the remainder when n is divided by 9?
8
Let u(g) = 1597*g - 11173. What is the remainder when (-326)/(-8) + (-2)/(-8) is divided by u(7)?
5
Suppose 14176*y = 14184*y - 136. Calculate the remainder when 52 is divided by y.
1
Suppose -71*t + 96 = -63*t. What is the remainder when 176 is divided by t?
8
Let p(n) = -n**3 + 12*n**2 - 6*n - 48. Calculate the remainder when 17 is divided by p(11).
3
Let b(v) = -v**3 - v**2 - v - 2. Let r be b(0). Let l(n) = 7*n + 5. Calculate the remainder when l(7) is divided by (516/24 - 1/r) + -3.
16
Let v(u) = -u**2 + 6*u + 4. Let o be v(6). Let l(g) = 17*g - 9. Calculate the remainder when l(o) is divided by (-3)/7 - (-348)/28.
11
Let d(o) = -o**3 - o**2 + o + 2. Let q be d(-1). Let t = 15 + 44. Calculate the remainder when t is divided by -15 - -28 - (-2)/q.
14
Suppose -5*w - 29 + 9 = 0. Let h = 25 - w. Calculate the remainder when (-42)/35*(5 + 310/(-6)) is divided by h.
27
Let p(b) = -10*b + 26 - b**2 - 18 - 12. What is the remainder when (6/(-1))/(6/(-32)) is divided by p(-8)?
8
Let u = -3 + 6. Suppose -2*f = -z + 70 + 3, 5*z - u*f - 351 = 0. What is the remainder when z is divided by 18?
15
Let c = 85 + -127. Let x = c - -55. Suppose -3*j = -i + 2*i - 185, 5*i = 4*j - 272. Calculate the remainder when j is divided by x.
11
Suppose -5*k + 2*x + 310 = 0, -4*x = -k + 77 - 15. Suppose -4 = 2*i - k. Calculate the remainder when i is divided by 10.
9
Let g(d) = 6*d - 13. Let p(l) = -3*l + 6. Let u(s) = 6*g(s) + 11*p(s). What is the remainder when u(5) is divided by 2?
1
Let d = -12 - -12. Suppose d = -3*b + b + 18. Let j = 22 - b. What is the remainder when 64 is divided by j?
12
Let w(d) = -5*d - 64. What is the remainder when w(-27) is divided by 11?
5
Suppose 3*n + 340 = 124. Let c = n - -83. What is the remainder when 41 is divided by c?
8
Let x(b) = 2*b**2 - 2*b. Let c(q) = 5*q**2 - 4*q. Let i(a) = 4*c(a) - 9*x(a). Let h = -11 - -7. Calculate the remainder when i(h) is divided by 13.
11
Suppose 1 = -9*o + 397. What is the remainder when 261 is divided by o?
41
Let d be (-66)/(-44) + (-10)/4. Let w(t) = -27*t. What is the remainder when w(d) is divided by 7?
6
Let i = -121 - -143. Calculate the remainder when 108 is divided by i.
20
Let o(p) = p**2 + 5*p - 3. Suppose 490 = 10*t - 130. What is the remainder when t is divided by o(-7)?
7
Let k be (-10)/4*18/(-5). Suppose -4*i + 2*i - 5*q - k = 0, q + 15 = 4*i. What is the remainder when ((i - 2) + -72)*-1 is divided by 18?
17
Let s(i) be the second derivative of i**3/3 + 33*i**2/2 - 35*i - 1. Let l = 30 + 41. What is the remainder when l is divided by s(-7)?
14
What is the remainder when 1/(-2)*535*132/(-110) is divided by 23?
22
Let u(v) be the second derivative of v**5/20 + 5*v**4/12 + 2*v**3/3 + v**2 - 11*v. Calculate the remainder when 5 is divided by u(-4).
1
Suppose 0 = -4*p + 35 + 37. Let h be (-9)/p*(-136)/(-2). Let k = h + 92. What is the remainder when k is divided by 15?
13
Let t(g) = -g**2 - 53*g - 323. Calculate the remainder when t(-42) is divided by 32.
11
Suppose 4*b - 56 = 2*o, -2*o = -5*b - 4*o + 52. Let k = 5 - -3. Suppose -k*g + b + 52 = 0. Calculate the remainder when 23 is divided by g.
7
Suppose 4*u - f = -263, 3*f = -3*u + 5*f - 196. Let h be 2/11 - 3816/u. Let v = -29 + h. Calculate the remainder when v is divided by 15.
14
Let x be (-2)/4*(1 + (16 - 3)). Let l(g) = -5*g + 17. Calculate the remainder when l(x) is divided by 9.
7
Let y(c) = c + 37. What is the remainder when 27 is divided by y(-28)?
0
What is the remainder when (-2 + (-189)/(-36))/((-5)/(-60)) is divided by ((-14)/(-8))/((-2)/(-16))?
11
Suppose g = 0, -4*o - 2*g + 156 = -g. Let n = 12 - 14. Calculate the remainder when o is divided by 28/2 - (n + 2).
11
What is the remainder when (15748/186)/(2/3) is divided by 13?
10
Suppose 0*k + 30 = 3*k. Suppose 135 = 16*a - 11*a. Calculate the remainder when a is divided by k.
7
Let k(c) = -c**2 + 10*c + 6. Let s be -9*(0 - 4/6). Suppose u - 2 - s = 0. Calculate the remainder when k(6) is divided by u.
6
Let d(x) = -x**3 - 15*x**2 - 17*x - 10. Calculate the remainder when 511 is divided by d(-14).
31
Let h = 661 - 488. Calculate the remainder when h is divided by 29.
28
Let h(t) = t**3 + 3*t**2 - 8*t - 14. Let i be h(-4). What is the remainder when 73 is divided by ((-12)/36)/(i/(-150))?
23
Let o(f) = -5*f - 151. Calculate the remainder when o(-42) is divided by 25.
9
Let t be (72/(-30))/(1/5). Calculate the remainder when 135 is divided by (-17)/(-3*(-2)/t).
33
Suppose -3*p = -6*n + 3*n - 129, -5*n = p - 37. Calculate the remainder when p is divided by 20.
2
Suppose -93*c + 89*c + 88 = 0. What is the remainder when c is divided by 8?
6
Let r(m) = m**3 - 3*m**2 + 6*m + 25. What is the remainder when r(5) is divided by 50?
5
Suppose -258*z = -250*z - 456. What is the remainder when 210 is divided by z?
39
Let u be (52/10 - 6)*(-76 + 1). Suppose w + 4*w - 5*z = u, w - 22 = 3*z. Calculate the remainder when 21 is divided by w.
0
What is the remainder when 115 is divided by (-6)/(-36) - (-745)/30?
15
Suppose 2*u = -4*v + 1080, -4*v - 3*u = -1143 + 65. What is the remainder when v is divided by 25?
21
Let h(g) = g**2 - 24*g - 232. What is the remainder when 843 is divided by h(-9)?
63
Let i(u) = -5 + 24 - 1 + 11 - 3*u. What is the remainder when 53 is divided by i(7)?
5
Suppose -3*l - 5*f = -l - 46, -4*l = -f - 48. Suppose 5*g - 2*p - 20 = 0, 4*g - p - l = -0*g. What is the remainder when 3 - g*(-20)/1 is divided by 11?
10
Let y = 130 + 29. What is the remainder when y is divided by 18?
15
Suppose 19662 + 618 = 52*r. What is the remainder when r is divided by 12?
6
Let g(j) = j**2 + 28*j + 127. Calculate the remainder when 465 is divided by g(-25).
49
Let l be -1 + -3*(-4 - 8). Calculate the remainder when 1/(2/24*4/l) is divided by 27.
24
Suppose f - 4*f - 79 = -4*c, -100 = -5*c + 5*f. Let r = 213 - 121. Calculate the remainder when r is divided by c.
16
Let z(q) = -164*q - 1. Calculate the remainder when z(-1) is divided by ((55/(-2))/(-5))/((-6)/(-36)).
31
Let o(x) = 5*x**2 - 12*x + 35. What is the remainder when o(3) is divided by 11?
0
Let w(q) = -q**3 - 6*q**2 - 3*q - 6. Let a be w(-7). Suppose -2*m - 6*m + a = 0. What is the remainder when 22 is divided by m?
6
Let u = -18 - -23. Let b(r) = 15*r - 28. Calculate the remainder when b(u) is divided by 20.
7
What is the remainder when 748 is divided by (-14)/(56/(-4)) - 1*-49?
48
Suppose -4*s = -2*p - 142, -s - 7*p + 40 = -12*p. What is the remainder when s is divided by 19?
16
Let f(z) = -z**3 - 2*z**2 + 17*z + 12. What is the remainder when 87 is divided by f(-5)?
1
Let w(f) = 2*f**2 - 11*f + 5. What is the remainder when 27 is divided by w(6)?
5
Let n(l) = 17*l**2 - 8*l - 24. What is the remainder when 130 is divided by n(-2)?
10
Suppose 0 = -4*l - 0*l - 5*y - 12, 5*l + y + 15 = 0. What is the remainder when 